{"id":183,"date":"2020-05-05T15:16:33","date_gmt":"2020-05-05T13:16:33","guid":{"rendered":"http:\/\/tierslien.com\/?page_id=183"},"modified":"2020-09-23T15:49:42","modified_gmt":"2020-09-23T13:49:42","slug":"comment-contribuer-et-participer","status":"publish","type":"page","link":"https:\/\/tierslien.com\/index.php\/comment-contribuer-et-participer\/","title":{"rendered":"Contribuer et participer"},"content":{"rendered":"\n<p>Le Tiers Lien n&rsquo;est pas un \u00ab\u00a0produit fini\u00a0\u00bb mais un processus vivant, dont nombre de conditions de r\u00e9ussite restent \u00e0 identifier, dans la dynamique m\u00eame du projet et dans son environnement. <strong>Aujourd&rsquo;hui (mai 2020), apr\u00e8s les premi\u00e8res fondations,  j&rsquo;ai besoin de vous pour aller plus loin.<\/strong> En attendant un formulaire permettant de recueillir les propositions de fa\u00e7on structur\u00e9e et automatis\u00e9e, j&rsquo;esp\u00e8re vous lire, vous entendre, pour un dialogue de coconstruction des prochaines \u00e9tapes.<\/p>\n\n\n\n<p>Je vous invite donc \u00e0 <a href=\"http:\/\/tierslien.com\/index.php\/qui-sommes-nous\/\" data-type=\"page\" data-id=\"13\">vous faire conna\u00eetre<\/a> si vous reconnaissez l&rsquo;int\u00e9r\u00eat des intentions, valeurs et propositions du Tiers Lien et si&#8230;<\/p>\n\n\n\n<ul><li>Vous souhaitez faire partie des <a href=\"http:\/\/tierslien.com\/index.php\/les-premiers-cercles\/\" data-type=\"page\" data-id=\"300\">premiers cercles<\/a> de c\u00f4toyens (ouvert ou sur un sujet sp\u00e9cifique qui vous inspire)<\/li><li>Vous vous sentez une \u00e2me et des comp\u00e9tences de facilitateur\/trice<\/li><li>Vous disposez d\u2019un lieu accueillant pour les futurs cercles<\/li><li>Vous souhaitez faire partie de l&rsquo;\u00e9quipe projet (\u00e9quipe c\u0153ur ou \u00e9quipe \u00e9tendue) pour contribuer \u00e0 la mise en lien avec diff\u00e9rents acteurs institutionnels, associatifs&#8230;, \u00e0 l&rsquo;\u00e9volution des propositions, \u00e0 la mise en place des premiers cercles, \u00e0 l&rsquo;\u00e9valuation d&rsquo;ensemble<\/li><li>Vous pouvez partager votre exp\u00e9rience d&rsquo;une initiative semblable<\/li><li>Vous voudriez cr\u00e9er un \u00ab\u00a0Tiers Lien\u00a0\u00bb local sur votre territoire (ville, pays&#8230;)<\/li><li>Vous aimeriez cr\u00e9er un \u00ab\u00a0Tiers Lien\u00a0\u00bb th\u00e9matique sur un sujet qui vous tien \u00e0 coeur<\/li><li>Vous souhaitez contribuer au c\u00f4t\u00e9 \u00ab technique \u00bb pour d\u00e9velopper une application libre facilitant la mise en relation et la s\u00e9curit\u00e9 des donn\u00e9es personnelles<\/li><li>Vous \u00eates chercheur ou intervenant en sciences sociales et souhaitez utiliser le Tiers Lien comme champ de recherche-action<\/li><li>Vous \u00eates une fondation, une personne morale ou un particulier et pouvez lui apporter un soutien financier ou logistique<\/li><\/ul>\n\n\n\n<div class=\"wp-block-buttons\">\n<div class=\"wp-block-button\"><a class=\"wp-block-button__link has-white-color has-text-color\" href=\"http:\/\/tierslien.com\/index.php\/les-outils-du-cotoyen\/\">&lt;== LES OUTILS DU C\u00d4TOYEN<\/a><\/div>\n\n\n\n<div class=\"wp-block-button\"><a class=\"wp-block-button__link has-white-color has-dark-gray-background-color has-text-color has-background\" href=\"http:\/\/tierslien.com\/index.php\/plan-daction-global\/\">PLAN D&rsquo;ACTION ==&gt;<\/a><\/div>\n<\/div>\n","protected":false},"excerpt":{"rendered":"<p>Le Tiers Lien n&rsquo;est pas un \u00ab\u00a0produit fini\u00a0\u00bb mais un processus vivant, dont nombre de conditions de r\u00e9ussite restent \u00e0 identifier, dans la dynamique m\u00eame du projet et dans son environnement. Aujourd&rsquo;hui (mai 2020), apr\u00e8s les premi\u00e8res fondations, j&rsquo;ai besoin de vous pour aller plus loin. En attendant un formulaire permettant de recueillir les propositions &hellip; <a href=\"https:\/\/tierslien.com\/index.php\/comment-contribuer-et-participer\/\" class=\"more-link\">Continuer la lecture<span class=\"screen-reader-text\"> de &laquo;&nbsp;Contribuer et participer&nbsp;&raquo;<\/span><\/a><\/p>\n","protected":false},"author":1,"featured_media":0,"parent":0,"menu_order":0,"comment_status":"closed","ping_status":"closed","template":"","meta":[],"_links":{"self":[{"href":"https:\/\/tierslien.com\/index.php\/wp-json\/wp\/v2\/pages\/183"}],"collection":[{"href":"https:\/\/tierslien.com\/index.php\/wp-json\/wp\/v2\/pages"}],"about":[{"href":"https:\/\/tierslien.com\/index.php\/wp-json\/wp\/v2\/types\/page"}],"author":[{"embeddable":true,"href":"https:\/\/tierslien.com\/index.php\/wp-json\/wp\/v2\/users\/1"}],"replies":[{"embeddable":true,"href":"https:\/\/tierslien.com\/index.php\/wp-json\/wp\/v2\/comments?post=183"}],"version-history":[{"count":11,"href":"https:\/\/tierslien.com\/index.php\/wp-json\/wp\/v2\/pages\/183\/revisions"}],"predecessor-version":[{"id":354,"href":"https:\/\/tierslien.com\/index.php\/wp-json\/wp\/v2\/pages\/183\/revisions\/354"}],"wp:attachment":[{"href":"https:\/\/tierslien.com\/index.php\/wp-json\/wp\/v2\/media?parent=183"}],"curies":[{"name":"wp","href":"https:\/\/api.w.org\/{rel}","templated":true}]}}