{"id":233,"date":"2020-05-24T23:00:45","date_gmt":"2020-05-24T21:00:45","guid":{"rendered":"http:\/\/tierslien.com\/?page_id=233"},"modified":"2023-10-11T23:44:46","modified_gmt":"2023-10-11T21:44:46","slug":"cercles-mode-demploi","status":"publish","type":"page","link":"https:\/\/tierslien.com\/index.php\/cercles-mode-demploi\/","title":{"rendered":"Initier des Cercles"},"content":{"rendered":"\n<p>Si vous souhaitez cr\u00e9er vos propres cercles \u00ab\u00a0r\u00e9currents\u00a0\u00bb, pour des groupes destin\u00e9s \u00e0 se revoir plusieurs fois, nous vous proposons quelques rep\u00e8res pour :<\/p>\n\n\n\n<ul><li>Cr\u00e9er un groupe, d\u00e9finir son cadre<\/li><li>V\u00e9rifier la convergence ou au moins la compatibilit\u00e9 des intentions des participants<\/li><li>Se pr\u00e9parer \u00e0 exp\u00e9rimenter un ou des \u00ab\u00a0protocoles\u00a0\u00bb d&rsquo;\u00e9change pendant les rencontres.<\/li><\/ul>\n\n\n\n<p>Ces propositions ont \u00e9t\u00e9 r\u00e9dig\u00e9es pour les cercles de c\u00f4toyens \u00ab\u00a0ouverts\u00a0\u00bb,  port\u00e9s par des individus, des lieux, des structures sans autre enjeu que celui de contribuer aux liens interpersonnels et sociaux. Elles restent pertinentes mais doivent \u00eatre reformul\u00e9es pour des <a href=\"http:\/\/tierslien.com\/index.php\/des-cercles-professionnels\/\">cercles dans des contextes professionnels<\/a> (entreprises, associations).<\/p>\n\n\n\n<blockquote class=\"wp-block-quote\"><p>Pr\u00e9cision (2023) : Pour les cercles \u00ab\u00a0d\u00e9couverte\u00a0\u00bb, vous pouvez faire abstraction de ces propositions et faire \u00ab\u00a0au plus simple\u00a0\u00bb, trouver les moyens pour que chacun(e) soit confortable et rassur\u00e9e sur les intentions de chacun, l&rsquo;acc\u00e8s \u00e0 la parole, la confidentialit\u00e9.<\/p><p>Cette pr\u00e9sentation extensive ne se veut pas un cadre rigide s&rsquo;imposant \u00e0 tous les groupes. L&rsquo;important est que les initiateurs du cercle s&rsquo;approprient ces suggestions pour les adapter \u00e0 sa situation sp\u00e9cifique, \u00e0 ses membres, et retiennent le minimum n\u00e9cessaire \u00e0 partager pour assurer la s\u00e9curit\u00e9 des participants. <\/p><cite>Nous sugg\u00e9rons des \u00e9changes sur du temps court, typiquement 2 sessions de 30&prime; pour les exp\u00e9rimentations, ou 1h30 pour un cercle \u00ab\u00a0institu\u00e9\u00a0\u00bb o\u00f9 plus de temps est offert \u00e0 chacun(e), afin d&rsquo;aller \u00e0 l&rsquo;essentiel. Un temps de convivialit\u00e9 avant \/ pendant \/ apr\u00e8s reste \u00e9videmment possible voire recommand\u00e9 !<\/cite><\/blockquote>\n\n\n\n<h2>Cr\u00e9er un groupe, d\u00e9finir son cadre sur la dur\u00e9e<\/h2>\n\n\n\n<p>Pour cr\u00e9er un cercle de c\u00f4toyens il suffit de 5 ou 6 personnes qui souhaitent <em>ouvrir de temps en temps leurs fen\u00eatres sur le monde <\/em>d&rsquo;autres humains, <\/p>\n\n\n\n<p><strong><em>Inflexion 2023 :  <\/em><\/strong>J&rsquo;avais \u00e9crit en 2000 : \u00ab\u00a0<em>5 ou 6 personnes qui souhaitent \u00e9changer sur le monde qu&rsquo;elles souhaitent voir advenir<\/em>[&#8230;].\u00a0\u00bb  Aujourd&rsquo;hui, j&rsquo;insiste plus sur la partage d&rsquo;exp\u00e9rience, de traces de vie, que d&rsquo;id\u00e9es ou d&rsquo;incitations \u00e0 l&rsquo;action, qui peuvent \u00eatre pr\u00e9sentes mais comme \u00ab\u00a0b\u00e9n\u00e9fice secondaire\u00a0\u00bb de la rencontre, qui se suffit \u00e0 elle-m\u00eame. <\/p>\n\n\n\n<p>Les participants conviennent entre eux de la fr\u00e9quence et de la dur\u00e9e des rencontres qui leur conviennent, et \u00e9ventuellement des modalit\u00e9s pratiques (o\u00f9, avec quels outils si \u00e0 distance&#8230;). Nous recommandons au minimum 1h15.<\/p>\n\n\n\n<p>Lors de la premi\u00e8re rencontre le groupe pr\u00e9cise ses propres r\u00e8gles, en s&rsquo;appuyant si besoin sur la charte du c\u00f4toyen, notamment la dur\u00e9e de vie du groupe, les r\u00e8gles d&rsquo;entr\u00e9e \/ sortie \u00e9ventuelles. <strong>Un sc\u00e9nario simple : <em>On se voit 7 fois, puis chacun va continuer son chemin<\/em><\/strong>, et peut-\u00eatre l&rsquo;un des participant proposera-t-il quelques mois plus tard de relancer le groupe avec ceux qui le souhaitent, et \u00e9ventuellement de nouveaux membres.<\/p>\n\n\n\n<p>Le cadre mat\u00e9riel peut aussi \u00eatre coconstruit, qu&rsquo;il s&rsquo;agisse de l&rsquo;un des lieux \u00ab\u00a0habituels\u00a0\u00bb de rencontre ou de lieux propos\u00e9s par les participants : comment l&rsquo;espace, sa d\u00e9coration, sa lumi\u00e8re, son confort peuvent mettre chacun \u00e0 l&rsquo;aise ? Comment assurer boisson et \u00e9ventuellement de quoi se sustenter ?<\/p>\n\n\n\n<p>Dans un contexte professionnel il peut \u00eatre pertinent de choisir quelques r\u00e8gles communes \u00e0 plusieurs groupes pour faciliter l&rsquo;expression des intentions des porteurs du projet de changement et financeurs, et l&rsquo;\u00e9valuation du dispositif.<\/p>\n\n\n\n<h2>V\u00e9rifier l&rsquo;intention commune g\u00e9n\u00e9rale <\/h2>\n\n\n\n<p>Intention g\u00e9n\u00e9rale : ne pas se pr\u00e9cipiter, prendre le temps de se regarder, sentir que nous sommes l\u00e0 les uns avec les autres, les uns pour les autres. Peut-\u00eatre pr\u00e9voir un rituel, un temps de silence, un \u00ab sas \u00bb pour se d\u00e9sencombrer de nos soucis quotidiens et \u00ab arriver \u00bb vraiment, corps et \u00e9motions disponibles pour le groupe.<\/p>\n\n\n\n<p>Humanisme sous-jacent : chaque personne a une forme de sagesse tir\u00e9e de son exp\u00e9rience de la vie, quel que soit son parcours et ses dipl\u00f4mes. Cette sagesse sp\u00e9cifique peut \u00eatre tr\u00e8s utile, surtout \u00e0 ceux qui ne voient pas le monde avec les m\u00eames yeux. Il n\u2019y a pas de hi\u00e9rarchie au sein d\u2019un cercle.<\/p>\n\n\n\n<p><strong>Attribution de quelques r\u00f4les (tournants) pour faciliter les \u00e9changes :<\/strong><br>Il est souhaitable que l\u2019un des membres du groupe soit volontaire (\u00e0 tour de r\u00f4le) pour \u00eatre le \u00ab gardien du temps \u00bb, l\u00e9gitim\u00e9 pour signaler au groupe le temps qui passe, \u00e9ventuellement \u00e0 l\u2019un des participants qu\u2019il prend beaucoup de temps (le faire avec doigt\u00e9 demande aussi de l\u2019entrainement). N\u00e9anmoins chacun est totalement coresponsable du temps qui passe, du temps pendant lequel il conserve la parole, de son souci de la passer aux autres. Nul ne doit compter sur le gardien du temps pour l\u2019interrompre.<\/p>\n\n\n\n<p>Un autre membre du groupe est invit\u00e9 \u00e0 prendre le r\u00f4le de facilitateur \/ animateur, dont la mission principale est d\u2019assurer que chacun s\u2019exprime, apporte sa contribution et respecte le protocole choisi. Voire \u00e0 certains moments proposer des temps de silence pour que chacun puisse r\u00e9fl\u00e9chir \/ ressentir ce qui se passe, ce qu\u2019il est important de partager\u2026<\/p>\n\n\n\n<p>Tout le monde n\u2019est pas \u00ab coach professionnel \u00bb, les membres du groupe sont l\u00e0 pour apprendre ensemble, l\u2019invitation au soutien mutuel s\u2019applique aussi \u00e0 ces r\u00f4les. De plus chaque participant est aussi l\u00e9gitim\u00e9 \u00e0 signaler des attitudes qui peuvent nuire \u00e0 la dynamique du groupe.<\/p>\n\n\n\n<p><strong>Lors de la premi\u00e8re rencontre<\/strong>, v\u00e9rifier que chacun a bien compris les r\u00e8gles communes du groupe, notamment la confidentialit\u00e9, la n\u00e9cessit\u00e9 d\u2019\u00e9viter l\u2019expression de jugements les uns sur les autres, voire d\u2019autres r\u00e8gles que le groupe souhaite se donner (partage ou non des coordonn\u00e9es, engagements, lieux de rencontre\u2026). Y revenir lors des rencontres suivantes si l\u2019un des participants le demande. Peut-\u00eatre aussi partager \u00ab ce qui m\u2019a conduit ici, dans ce groupe \u00bb.<\/p>\n\n\n\n<h2>Choisir une m\u00e9thode d&rsquo;\u00e9change<\/h2>\n\n\n\n<p>Des rencontres informelles et des \u00e9changes \u00ab\u00a0\u00e0 b\u00e2tons rompus\u00a0\u00bb peuvent \u00eatre agr\u00e9ables,  mais ne produisent pas sur la dur\u00e9e de transformation personnelle et collective aussi profonde que des \u00e9changes qui d\u00e9veloppent nos qualit\u00e9s d&rsquo;\u00e9coute et de pr\u00e9sence mutuelles. <strong>Autrement dit de r\u00e9els apprentissages, implicites et explicites, \u00e0 travers l&rsquo;exp\u00e9rience de rencontres \u00ab\u00a0diff\u00e9rentes\u00a0\u00bb.<\/strong><\/p>\n\n\n\n<p>Plusieurs processus structurant des \u00e9changes puissamment transformateurs sont propos\u00e9s dans la rubrique suivante : \u00ab\u00a0les outils du c\u00f4toyen\u00a0\u00bb. Dans un premier temps l&rsquo;initiateur ou le facilitateur du groupe peut choisir celui qui lui semble ajust\u00e9 au groupe et aux circonstances. Progressivement, les participants pourront proposer d&rsquo;exp\u00e9rimenter d&rsquo;autres approches.<\/p>\n\n\n\n<p>Avant d&rsquo;explorer ces m\u00e9thodes, vous pouvez vous reporter \u00e0 la page d\u00e9di\u00e9e \u00e0 la mise en place de cercles dans des contextes professionnels, pour en comprendre les enjeux et pr\u00e9cautions sp\u00e9cifiques :<\/p>\n\n\n\n<div class=\"wp-block-buttons aligncenter\">\n<div class=\"wp-block-button is-style-outline\"><a class=\"wp-block-button__link has-light-blue-color has-text-color\" href=\"http:\/\/tierslien.com\/index.php\/des-cercles-professionnels\/\">Des cercles professionnels ?<\/a><\/div>\n<\/div>\n\n\n\n<div class=\"wp-block-buttons\">\n<div class=\"wp-block-button\"><a class=\"wp-block-button__link\" href=\"http:\/\/tierslien.com\/index.php\/la-charte-du-cotoyen\/\">&lt;== LA CHARTE DU C\u00d4TOYEN<\/a><\/div>\n\n\n\n<div class=\"wp-block-button\"><a class=\"wp-block-button__link\" href=\"http:\/\/tierslien.com\/index.php\/les-outils-du-cotoyen\/\">LES OUTILS DU C\u00d4TOYEN ==&gt;<\/a><\/div>\n<\/div>\n\n\n\n<p><\/p>\n","protected":false},"excerpt":{"rendered":"<p>Si vous souhaitez cr\u00e9er vos propres cercles \u00ab\u00a0r\u00e9currents\u00a0\u00bb, pour des groupes destin\u00e9s \u00e0 se revoir plusieurs fois, nous vous proposons quelques rep\u00e8res pour : Cr\u00e9er un groupe, d\u00e9finir son cadre V\u00e9rifier la convergence ou au moins la compatibilit\u00e9 des intentions des participants Se pr\u00e9parer \u00e0 exp\u00e9rimenter un ou des \u00ab\u00a0protocoles\u00a0\u00bb d&rsquo;\u00e9change pendant les rencontres. Ces &hellip; <a href=\"https:\/\/tierslien.com\/index.php\/cercles-mode-demploi\/\" class=\"more-link\">Continuer la lecture<span class=\"screen-reader-text\"> de &laquo;&nbsp;Initier des Cercles&nbsp;&raquo;<\/span><\/a><\/p>\n","protected":false},"author":1,"featured_media":0,"parent":0,"menu_order":0,"comment_status":"closed","ping_status":"closed","template":"","meta":[],"_links":{"self":[{"href":"https:\/\/tierslien.com\/index.php\/wp-json\/wp\/v2\/pages\/233"}],"collection":[{"href":"https:\/\/tierslien.com\/index.php\/wp-json\/wp\/v2\/pages"}],"about":[{"href":"https:\/\/tierslien.com\/index.php\/wp-json\/wp\/v2\/types\/page"}],"author":[{"embeddable":true,"href":"https:\/\/tierslien.com\/index.php\/wp-json\/wp\/v2\/users\/1"}],"replies":[{"embeddable":true,"href":"https:\/\/tierslien.com\/index.php\/wp-json\/wp\/v2\/comments?post=233"}],"version-history":[{"count":20,"href":"https:\/\/tierslien.com\/index.php\/wp-json\/wp\/v2\/pages\/233\/revisions"}],"predecessor-version":[{"id":439,"href":"https:\/\/tierslien.com\/index.php\/wp-json\/wp\/v2\/pages\/233\/revisions\/439"}],"wp:attachment":[{"href":"https:\/\/tierslien.com\/index.php\/wp-json\/wp\/v2\/media?parent=233"}],"curies":[{"name":"wp","href":"https:\/\/api.w.org\/{rel}","templated":true}]}}