{"id":300,"date":"2020-09-02T20:23:35","date_gmt":"2020-09-02T18:23:35","guid":{"rendered":"http:\/\/tierslien.com\/?page_id=300"},"modified":"2025-05-14T22:46:06","modified_gmt":"2025-05-14T20:46:06","slug":"les-premiers-cercles","status":"publish","type":"page","link":"https:\/\/tierslien.com\/index.php\/comment-contribuer-et-participer\/les-premiers-cercles\/","title":{"rendered":"Les prochains cercles"},"content":{"rendered":"\n<p>En 2020 l&rsquo;\u00e9lan d&rsquo;exp\u00e9rimenter des premiers cercles a \u00e9t\u00e9 bris\u00e9 par l&rsquo;arriv\u00e9e du COVID. Depuis 2023 je dispose de plus de temps pour initier quelques rencontres \u00e0 Rennes et en Bretagne dans tous les lieux qui s&rsquo;y pr\u00eatent.<\/p>\n\n\n\n<p>Nous proposons l&rsquo;exp\u00e9rience de fa\u00e7on ponctuelle, avec des \u00ab\u00a0c\u00f4toyens\u00a0\u00bb diff\u00e9rents \u00e0 chaque rencontre. Et peut-\u00eatre un jour lancer des cercles \u00ab\u00a0r\u00e9currents\u00a0\u00bb avec un groupe permettant \u00e0 quelques-uns de se retrouver plusieurs fois (une id\u00e9e racine du Tiers Lien),<\/p>\n\n\n\n<p>Nous en sommes encore au stade de l&rsquo;exp\u00e9rimentations \u00e0 la fois pour les participants et dans les modes d&rsquo;organisation. Prochaines rencontres (liste non exclusive, cliquer sur les liens pour lire le billet correspondant) : <\/p>\n\n\n\n<ul><li><strong>SAMEDI 7 JUIN 2025, passage libre 10h &#8211; 17h <\/strong>Au parc des Gayeulles dans le cadre du \u00ab\u00a0Printemps Citoyen\u00a0\u00bb de Rennes M\u00e9tropole (Billet de blog \u00e0 venir)<\/li><\/ul>\n\n\n\n<p><strong>Si vous souhaitez \u00eatre inform\u00e9(e) des prochaines rencontres, si vous disposez d&rsquo;un espace \/ contexte propice \u00e0 cr\u00e9er d&rsquo;autres sessions d\u00e9couverte ou accueillir quelques cercles, parlons-en !<\/strong> <strong><a href=\"http:\/\/tierslien.com\/index.php\/qui-sommes-nous\/\"> Formulaire contact<\/a><\/strong><\/p>\n\n\n\n<h2>Des cercles sans le Majordome ?<\/h2>\n\n\n\n<p>L&rsquo;exp\u00e9rience de participer \u00e0 un cercle peut inciter certains \u00e0 cr\u00e9er et faciliter des cercles \u00e0 leur tour. Vous y \u00eates invit\u00e9s. C&rsquo;est l&rsquo;ambition du Tiers Lien, \u00e0 l&rsquo;oppos\u00e9 d&rsquo;une logique de \u00ab\u00a0marque\u00a0\u00bb voire de \u00ab\u00a0certification\u00a0\u00bb. Rester dans la logique du vivant, de l&rsquo;imparfait, et de l&rsquo;exp\u00e9rimentation sinc\u00e8re et puissamment bienveillante.<\/p>\n\n\n\n<p>La page \u00ab\u00a0<a href=\"http:\/\/tierslien.com\/index.php\/comment-contribuer-et-participer\/\" data-type=\"page\" data-id=\"183\">Contribuer et participer<\/a>\u00a0\u00bb vous tend quelques perches pour adapter le Tiers Lien \u00e0 votre contexte, si vous souhaitez l&rsquo;organiser vous-m\u00eame.<\/p>\n\n\n\n<h2>Quelques rendez-vous pass\u00e9s :<\/h2>\n\n\n\n<ul><li><a href=\"https:\/\/tierslien.com\/index.php\/2024\/06\/05\/prochaines-rencontres\/\" data-type=\"post\" data-id=\"497\">Et\u00e9 2024<\/a> : plusieurs rencontres ouvertes<\/li><li><a href=\"http:\/\/tierslien.com\/index.php\/2023\/11\/14\/3-12-23-participation-aux-journees-rennaises-de-la-laicite\/\" data-type=\"post\" data-id=\"467\">Dimanche 3 d\u00e9cembre 2023 14h30<\/a> participation \u00e0 une table-ronde dans le cadre de la semaine de la la\u00efcit\u00e9 (d\u00e9bat avec la salle et d&rsquo;autres intervenants)<\/li><li><a href=\"http:\/\/tierslien.com\/index.php\/2023\/11\/26\/nouveaux-cercles-jeudi-14-12-et-jeudi-21-12-au-polyblosne\/\" data-type=\"post\" data-id=\"478\">14 et 21 d\u00e9cembre 2023 au Polyblosne 18h30<\/a> : deux sessions successives mais ind\u00e9pendantes pour vivre l&rsquo;exp\u00e9rience de la rencontre Tiers Lien.<\/li><\/ul>\n\n\n\n<div class=\"wp-block-buttons\">\n<div class=\"wp-block-button is-style-fill\"><a class=\"wp-block-button__link has-medium-brown-color has-yellow-background-color has-text-color has-background\" href=\"http:\/\/tierslien.com\/index.php\/qui-sommes-nous\/\">=&gt; laisser un message au majordome !<\/a><\/div>\n<\/div>\n\n\n\n<p><\/p>\n","protected":false},"excerpt":{"rendered":"<p>En 2020 l&rsquo;\u00e9lan d&rsquo;exp\u00e9rimenter des premiers cercles a \u00e9t\u00e9 bris\u00e9 par l&rsquo;arriv\u00e9e du COVID. Depuis 2023 je dispose de plus de temps pour initier quelques rencontres \u00e0 Rennes et en Bretagne dans tous les lieux qui s&rsquo;y pr\u00eatent. Nous proposons l&rsquo;exp\u00e9rience de fa\u00e7on ponctuelle, avec des \u00ab\u00a0c\u00f4toyens\u00a0\u00bb diff\u00e9rents \u00e0 chaque rencontre. Et peut-\u00eatre un jour &hellip; <a href=\"https:\/\/tierslien.com\/index.php\/comment-contribuer-et-participer\/les-premiers-cercles\/\" class=\"more-link\">Continuer la lecture<span class=\"screen-reader-text\"> de &laquo;&nbsp;Les prochains cercles&nbsp;&raquo;<\/span><\/a><\/p>\n","protected":false},"author":1,"featured_media":0,"parent":183,"menu_order":0,"comment_status":"closed","ping_status":"closed","template":"","meta":[],"_links":{"self":[{"href":"https:\/\/tierslien.com\/index.php\/wp-json\/wp\/v2\/pages\/300"}],"collection":[{"href":"https:\/\/tierslien.com\/index.php\/wp-json\/wp\/v2\/pages"}],"about":[{"href":"https:\/\/tierslien.com\/index.php\/wp-json\/wp\/v2\/types\/page"}],"author":[{"embeddable":true,"href":"https:\/\/tierslien.com\/index.php\/wp-json\/wp\/v2\/users\/1"}],"replies":[{"embeddable":true,"href":"https:\/\/tierslien.com\/index.php\/wp-json\/wp\/v2\/comments?post=300"}],"version-history":[{"count":18,"href":"https:\/\/tierslien.com\/index.php\/wp-json\/wp\/v2\/pages\/300\/revisions"}],"predecessor-version":[{"id":558,"href":"https:\/\/tierslien.com\/index.php\/wp-json\/wp\/v2\/pages\/300\/revisions\/558"}],"up":[{"embeddable":true,"href":"https:\/\/tierslien.com\/index.php\/wp-json\/wp\/v2\/pages\/183"}],"wp:attachment":[{"href":"https:\/\/tierslien.com\/index.php\/wp-json\/wp\/v2\/media?parent=300"}],"curies":[{"name":"wp","href":"https:\/\/api.w.org\/{rel}","templated":true}]}}