{"id":34,"date":"2020-03-28T09:13:59","date_gmt":"2020-03-28T08:13:59","guid":{"rendered":"http:\/\/tierslien.com\/?page_id=34"},"modified":"2020-09-04T10:51:14","modified_gmt":"2020-09-04T08:51:14","slug":"un-monde-qui-change","status":"publish","type":"page","link":"https:\/\/tierslien.com\/index.php\/un-monde-qui-change\/","title":{"rendered":"Un monde qui change"},"content":{"rendered":"\n<p>Oui, un monde qui change plut\u00f4t que \u00ab\u00a0le monde de demain\u00a0\u00bb, car le seul monde sur lequel nous pouvons agir, c&rsquo;est celui que nous partageons aujourd&rsquo;hui. Et nous le construisons depuis notre propre \u00e9tat int\u00e9rieur.<\/p>\n\n\n\n<p>Je me r\u00e9jouis que de nombreux entrepreneurs, citoyens, acteurs politiques&#8230; n&rsquo;aient pas attendu la crise sanitaire de 2020 pour s&rsquo;atteler \u00e0 construire un \u00ab\u00a0vivre ensemble et en harmonie avec le vivant\u00a0\u00bb. J&rsquo;ai identifi\u00e9 un grand nombre d&rsquo;initiatives heureuses, souvent connues seulement d&rsquo;un petit nombre, et dont les actions ne font pas encore syst\u00e8me.<\/p>\n\n\n\n<p>L&rsquo;objectif du Tiers Lien est d&rsquo;exp\u00e9rimenter des formes de connexion suppl\u00e9mentaires, moins \u00ab\u00a0programmatiques\u00a0\u00bb. Ou plut\u00f4t une infinit\u00e9 de connexions, interpersonnelles, de c\u0153ur \u00e0 c\u0153ur, faisant circuler l&rsquo;\u00e9nergie du renouveau (de fa\u00e7on virale, oserais-je dire aujourd&rsquo;hui).<\/p>\n\n\n\n<p>Autrement dit, il se s&rsquo;agit pas de cr\u00e9er une \u00ab\u00a0superstructure\u00a0\u00bb de plus, un \u00ab\u00a0appareil\u00a0\u00bb \u00e0 vocation politique, mais de parier sur <strong>un processus plus \u00ab\u00a0organique\u00a0\u00bb, vivant, fait de multiples conversations<\/strong> gr\u00e2ce auxquelles la soci\u00e9t\u00e9 pourra mieux se percevoir elle-m\u00eame et se transformer, sans violence.<\/p>\n\n\n\n<h2>Une \u00ab\u00a0source\u00a0\u00bb d&rsquo;inspiration et d&rsquo;incitation \u00e0 l&rsquo;action<\/h2>\n\n\n\n<p>Le Tiers Lien n&rsquo;est pas issu de \u00ab\u00a0la crise\u00a0\u00bb mais se pr\u00e9parait depuis novembre 2019, dans le cadre de ma participation au programme u.lab du <a rel=\"noreferrer noopener\" href=\"http:\/\/www.presencing.org\" target=\"_blank\">Presencing Institute<\/a> (MIT) :<\/p>\n\n\n\n<figure class=\"wp-block-image size-large\"><a href=\"https:\/\/mailchi.mp\/b40480931c59\/invitation-cocrer-une-socit-plus-dsirable-plus-humaine\"><img loading=\"lazy\" width=\"800\" height=\"441\" src=\"http:\/\/tierslien.com\/wp-content\/uploads\/2020\/04\/Seedsofpossibility.png\" alt=\"\" class=\"wp-image-118\" srcset=\"https:\/\/tierslien.com\/wp-content\/uploads\/2020\/04\/Seedsofpossibility.png 800w, https:\/\/tierslien.com\/wp-content\/uploads\/2020\/04\/Seedsofpossibility-300x165.png 300w, https:\/\/tierslien.com\/wp-content\/uploads\/2020\/04\/Seedsofpossibility-768x423.png 768w\" sizes=\"(max-width: 800px) 85vw, 800px\" \/><\/a><figcaption> Sch\u00e9ma tir\u00e9 du processus u.lab (<a href=\"https:\/\/www.presencing.org\/resource\/permission\" target=\"_blank\" rel=\"noreferrer noopener\">CC-BY-SA Presencing Institute<\/a>) illustrant l&rsquo;intention du Tiers Lien : <br> contribuer aux enjeux soci\u00e9taux depuis une conscience collective ancr\u00e9e  dans le vivant. <\/figcaption><\/figure>\n\n\n\n<p>Pour concevoir vos propres dynamiques collectives, <strong><em>je vous invite \u00e0 rejoindre cette dynamique mondiale d&rsquo;accompagnement des transformations syst\u00e9miques, d&rsquo;\u00e9mergence d&rsquo;une soci\u00e9t\u00e9 fond\u00e9e sur l&rsquo;ouverture et non sur le cloisonnement.<\/em><\/strong><\/p>\n\n\n\n<p>Vous \u00eates dirigeant, cadre, consultant, coach\u2026 ou citoyen engag\u00e9, rejoignez la communaut\u00e9 qui se d\u00e9veloppe depuis 2015 autour d&rsquo;Otto Scharmer, de la Th\u00e9orie U et du Presencing Institute. Rejoignez le <a href=\"https:\/\/www.presencing.org\/ulab-1x-2020\">MOOC sur edX (u.lab 1x 2020)<\/a> qui d\u00e9marre le 8 septembre jusqu&rsquo;en d\u00e9cembre, et les \u00ab\u00a0Hubs\u00a0\u00bb locaux ou th\u00e9matiques en soutien des nombreuses exp\u00e9rimentations propos\u00e9es. C&rsquo;est gratuit, mais \u00e7a r\u00e9clame quelques heures par semaine. Un voyage qui VA vous changer, la transformation passe aussi par un travail sur nos \u00e9tats int\u00e9rieurs. Je (re)ferai ce voyage, avec vous ce sera donc bien un tout nouveau voyage.<\/p>\n\n\n\n<p>Rejoignez la communaut\u00e9, puis le HUB de Rennes et bien d&rsquo;autres :<\/p>\n\n\n\n<figure class=\"wp-block-image size-large\"><img loading=\"lazy\" width=\"889\" height=\"181\" src=\"http:\/\/tierslien.com\/wp-content\/uploads\/2020\/09\/MyHubs.png\" alt=\"\" class=\"wp-image-310\" srcset=\"https:\/\/tierslien.com\/wp-content\/uploads\/2020\/09\/MyHubs.png 889w, https:\/\/tierslien.com\/wp-content\/uploads\/2020\/09\/MyHubs-300x61.png 300w, https:\/\/tierslien.com\/wp-content\/uploads\/2020\/09\/MyHubs-768x156.png 768w\" sizes=\"(max-width: 709px) 85vw, (max-width: 909px) 67vw, (max-width: 1362px) 62vw, 840px\" \/><figcaption><a href=\"https:\/\/www.presencing.org\/community\/hubs\">https:\/\/www.presencing.org\/community\/hubs<\/a><\/figcaption><\/figure>\n\n\n\n<div class=\"wp-block-media-text alignwide is-stacked-on-mobile\"><figure class=\"wp-block-media-text__media\"><img loading=\"lazy\" width=\"350\" height=\"247\" src=\"http:\/\/tierslien.com\/wp-content\/uploads\/2020\/09\/Imaga-GAIA-Francophone-300px.jpg\" alt=\"\" class=\"wp-image-312\" srcset=\"https:\/\/tierslien.com\/wp-content\/uploads\/2020\/09\/Imaga-GAIA-Francophone-300px.jpg 350w, https:\/\/tierslien.com\/wp-content\/uploads\/2020\/09\/Imaga-GAIA-Francophone-300px-300x212.jpg 300w\" sizes=\"(max-width: 350px) 85vw, 350px\" \/><\/figure><div class=\"wp-block-media-text__content\">\n<p>Vous y gagnerez l&rsquo;acc\u00e8s aux autres initiativeset ressouerces issues de u.lab 2x et  GAIA &#8211; Global activation of intention and action &#8211; port\u00e9e par le P.I. de mars \u00e0 juillet 2020, dont les belles synth\u00e8ses graphiques de J-B Bonvalot.<\/p>\n<\/div><\/div>\n\n\n\n<p><\/p>\n\n\n\n<div class=\"wp-block-buttons\">\n<div class=\"wp-block-button\"><a class=\"wp-block-button__link\" href=\"http:\/\/tierslien.com\/index.php\/les-buts-du-tiers-lien\/\">Les buts du TIers Lien ==&gt;<\/a><\/div>\n<\/div>\n","protected":false},"excerpt":{"rendered":"<p>Oui, un monde qui change plut\u00f4t que \u00ab\u00a0le monde de demain\u00a0\u00bb, car le seul monde sur lequel nous pouvons agir, c&rsquo;est celui que nous partageons aujourd&rsquo;hui. Et nous le construisons depuis notre propre \u00e9tat int\u00e9rieur. Je me r\u00e9jouis que de nombreux entrepreneurs, citoyens, acteurs politiques&#8230; n&rsquo;aient pas attendu la crise sanitaire de 2020 pour s&rsquo;atteler &hellip; <a href=\"https:\/\/tierslien.com\/index.php\/un-monde-qui-change\/\" class=\"more-link\">Continuer la lecture<span class=\"screen-reader-text\"> de &laquo;&nbsp;Un monde qui change&nbsp;&raquo;<\/span><\/a><\/p>\n","protected":false},"author":1,"featured_media":0,"parent":0,"menu_order":0,"comment_status":"closed","ping_status":"closed","template":"","meta":[],"_links":{"self":[{"href":"https:\/\/tierslien.com\/index.php\/wp-json\/wp\/v2\/pages\/34"}],"collection":[{"href":"https:\/\/tierslien.com\/index.php\/wp-json\/wp\/v2\/pages"}],"about":[{"href":"https:\/\/tierslien.com\/index.php\/wp-json\/wp\/v2\/types\/page"}],"author":[{"embeddable":true,"href":"https:\/\/tierslien.com\/index.php\/wp-json\/wp\/v2\/users\/1"}],"replies":[{"embeddable":true,"href":"https:\/\/tierslien.com\/index.php\/wp-json\/wp\/v2\/comments?post=34"}],"version-history":[{"count":9,"href":"https:\/\/tierslien.com\/index.php\/wp-json\/wp\/v2\/pages\/34\/revisions"}],"predecessor-version":[{"id":313,"href":"https:\/\/tierslien.com\/index.php\/wp-json\/wp\/v2\/pages\/34\/revisions\/313"}],"wp:attachment":[{"href":"https:\/\/tierslien.com\/index.php\/wp-json\/wp\/v2\/media?parent=34"}],"curies":[{"name":"wp","href":"https:\/\/api.w.org\/{rel}","templated":true}]}}